{"id":724,"date":"2020-10-21T21:21:06","date_gmt":"2020-10-21T19:21:06","guid":{"rendered":"https:\/\/www.naturessenzen.com\/?post_type=product&#038;p=724"},"modified":"2023-09-26T11:21:50","modified_gmt":"2023-09-26T09:21:50","slug":"rosmarin-tinktur-kraeutertropfen","status":"publish","type":"product","link":"https:\/\/www.naturessenzen.com\/produkt\/rosmarin-tinktur-kraeutertropfen\/","title":{"rendered":"Rosmarin Tinktur"},"content":{"rendered":"<h2>Rosmarin Tinktur &#8211; rosmarinus officinalis Tropfen<\/h2>\n<p>Die nat\u00fcrlichen Inhaltsstoffe der<strong> Rosmarin Tinktur Tropfen <\/strong>sind<strong>:<\/strong> Wasser, Alkohol, Rosmarin.<\/p>\n<p>F\u00fcr die Herstellung dieser sehr wertvollen Tropfen verwenden wir das Kraut mit der Bl\u00fcte.<\/p>\n<p>Urspr\u00fcnglich wuchs die Rosmarin-Pflanze in der K\u00fcstenn\u00e4he s\u00fcdlicher L\u00e4nder und auf Inseln. Der hohe Stellenwert von Rosmarin spiegelt sich in vielf\u00e4rbigen \u00dcberlieferungen wider. Die alten Griechen opferten Rosmarin der G\u00f6ttin Aphrodite als Symbol der Liebe und Sch\u00f6nheit. In den ersten nachchristlichen Jahrhunderten wurde Rosmarin durch M\u00f6nche und Nonnen in den Kl\u00f6stern kultiviert und so in Mitteleuropa eingef\u00fchrt. Der Rosmarin begleitete die Menschen in ihrem Lebenszyklus sprichw\u00f6rtlich von der Geburt bis zum Tod:<\/p>\n<ul>\n<li>man legte den kleinen Kindern zum Schutz Rosmarin in die Wiege,<\/li>\n<li>verwendete ihn zum R\u00e4uchern und als Heilmittel,<\/li>\n<li>steckte und steckt heute noch einen Rosmarinzweig &#8211; als Fruchtbarkeitssymbol &#8211; in den Brautstrau\u00df,<\/li>\n<li>legte zur Neutralisierung des Leichengeruchs den Verstorbenen geflochtene Rosmarinkr\u00e4nze bei und<\/li>\n<li>als Zeichen der Trauer und Hoffnung auf Wiederkehr auf Grabst\u00e4tten.<\/li>\n<\/ul>\n<p>Die Rosmarin-Pflanze hat ein starkes Wurzelsystem. Das erm\u00f6glicht eine gute Verankerung in steinigen B\u00f6den. Im Wildwuchs kann die Rosmarinpflanze bis zu zwei Meter hoch werden. Die Bl\u00e4tter sind nadelf\u00f6rmig und immergr\u00fcn. An den Seiten rollen sie sich leicht nach unten. Die Oberseite zeigt sich in graugr\u00fcner Farbe. Die Unterseite ist mit wei\u00dfwilzigen H\u00e4rchen versehen. Die schmalen Bl\u00e4tter sind immergr\u00fcn. Rosmarin duftet stark aromatisch.<\/p>\n<p>Bei g\u00fcnstigen Wetterbedingungen beginnt der Rosmarin bereits im Sp\u00e4therbst zu bl\u00fchen. Wenn die Wintermonate mild verlaufen, bl\u00fcht der Rosmarin bis zum Fr\u00fchling. Der Rosmarin bl\u00fcht entz\u00fcckend mit hellblauen Lippenbl\u00fcten.<\/p>\n","protected":false},"excerpt":{"rendered":"<ul>\n<li>Anwendungsgebiete: Blutdruck, Kreislauf, Entspannung, Verdauung, Menstruation, Kopf, krampfl\u00f6send<\/li>\n<li>Reinsubstanz \u2013 nur Wirkstoffe der Kr\u00e4uter enthalten<\/li>\n<li>Arzneimittelqualit\u00e4t der Kr\u00e4uter<\/li>\n<li>Gute Alternative zu Kapseln oder Tee<\/li>\n<li>Ausreichend f\u00fcr 50 Tage Kr\u00e4uterkur<\/li>\n<li>H\u00f6chste Qualit\u00e4tsstandards und Hygienerichtlinien<\/li>\n<li>Frei von k\u00fcnstlichen Zus\u00e4tzen und Farbstoffen<\/li>\n<li>Hergestellt nach traditionellen alchemistischen Grunds\u00e4tzen &#8211; nach Ansicht von Paracelsus<\/li>\n<\/ul>\n<p>Alchemische<strong> nat\u00fcrliche Tinktur, 50 ml<\/strong> Glasflasche<strong><br \/>\n<\/strong><\/p>\n","protected":false},"featured_media":934,"comment_status":"closed","ping_status":"closed","template":"","meta":{"inline_featured_image":false},"product_cat":[19],"product_tag":[],"acf":[],"yoast_head":"<!-- This site is optimized with the Yoast SEO plugin v20.11 - https:\/\/yoast.com\/wordpress\/plugins\/seo\/ -->\n<title>Rosmarin Tinktur Tropfen kaufen - rosmarinus officinalis<\/title>\n<meta name=\"description\" content=\"Rosmarin Tinktur Tropfen kaufen \u2713 rein pflanzlich \u2713 Jetzt auf Rechnung bestellen \u2713 versandkostenfrei \u2713 beste K\u00e4rntner Tropfen\" \/>\n<meta name=\"robots\" content=\"index, follow, max-snippet:-1, max-image-preview:large, max-video-preview:-1\" \/>\n<link rel=\"canonical\" href=\"https:\/\/www.naturessenzen.com\/produkt\/rosmarin-tinktur-kraeutertropfen\/\" \/>\n<meta property=\"og:locale\" content=\"de_DE\" \/>\n<meta property=\"og:type\" content=\"article\" \/>\n<meta property=\"og:title\" content=\"Rosmarin Tinktur Tropfen kaufen - rosmarinus officinalis\" \/>\n<meta property=\"og:description\" content=\"Rosmarin Tinktur Tropfen kaufen \u2713 rein pflanzlich \u2713 Jetzt auf Rechnung bestellen \u2713 versandkostenfrei \u2713 beste K\u00e4rntner Tropfen\" \/>\n<meta property=\"og:url\" content=\"https:\/\/www.naturessenzen.com\/produkt\/rosmarin-tinktur-kraeutertropfen\/\" \/>\n<meta property=\"og:site_name\" content=\"Duschlbaur&#039;s Kr\u00e4uter Shop - Tinktur Kr\u00e4utertinktur kaufen! Qualit\u00e4t seit 1917!\" \/>\n<meta property=\"article:modified_time\" content=\"2023-09-26T09:21:50+00:00\" \/>\n<meta property=\"og:image\" content=\"https:\/\/www.naturessenzen.com\/wp-content\/uploads\/2020\/11\/kraeuteressenz_krautertinktur_rosmarin_magen_darm_blutdruck_heilmittel.png\" \/>\n\t<meta property=\"og:image:width\" content=\"1000\" \/>\n\t<meta property=\"og:image:height\" content=\"1000\" \/>\n\t<meta property=\"og:image:type\" content=\"image\/jpeg\" \/>\n<meta name=\"twitter:card\" content=\"summary_large_image\" \/>\n<meta name=\"twitter:label1\" content=\"Gesch\u00e4tzte Lesezeit\" \/>\n\t<meta name=\"twitter:data1\" content=\"2\u00a0Minuten\" \/>\n<script type=\"application\/ld+json\" class=\"yoast-schema-graph\">{\"@context\":\"https:\/\/schema.org\",\"@graph\":[{\"@type\":\"WebPage\",\"@id\":\"https:\/\/www.naturessenzen.com\/produkt\/rosmarin-tinktur-kraeutertropfen\/\",\"url\":\"https:\/\/www.naturessenzen.com\/produkt\/rosmarin-tinktur-kraeutertropfen\/\",\"name\":\"Rosmarin Tinktur Tropfen kaufen - rosmarinus officinalis\",\"isPartOf\":{\"@id\":\"https:\/\/www.naturessenzen.com\/#website\"},\"datePublished\":\"2020-10-21T19:21:06+00:00\",\"dateModified\":\"2023-09-26T09:21:50+00:00\",\"description\":\"Rosmarin Tinktur Tropfen kaufen \u2713 rein pflanzlich \u2713 Jetzt auf Rechnung bestellen \u2713 versandkostenfrei \u2713 beste K\u00e4rntner Tropfen\",\"breadcrumb\":{\"@id\":\"https:\/\/www.naturessenzen.com\/produkt\/rosmarin-tinktur-kraeutertropfen\/#breadcrumb\"},\"inLanguage\":\"de\",\"potentialAction\":[{\"@type\":\"ReadAction\",\"target\":[\"https:\/\/www.naturessenzen.com\/produkt\/rosmarin-tinktur-kraeutertropfen\/\"]}]},{\"@type\":\"BreadcrumbList\",\"@id\":\"https:\/\/www.naturessenzen.com\/produkt\/rosmarin-tinktur-kraeutertropfen\/#breadcrumb\",\"itemListElement\":[{\"@type\":\"ListItem\",\"position\":1,\"name\":\"Startseite\",\"item\":\"https:\/\/www.naturessenzen.com\/\"},{\"@type\":\"ListItem\",\"position\":2,\"name\":\"Shop\",\"item\":\"https:\/\/www.naturessenzen.com\/heilpflanzen-heilkraeuter-online-tinktur-kaufen\/\"},{\"@type\":\"ListItem\",\"position\":3,\"name\":\"Rosmarin Tinktur\"}]},{\"@type\":\"WebSite\",\"@id\":\"https:\/\/www.naturessenzen.com\/#website\",\"url\":\"https:\/\/www.naturessenzen.com\/\",\"name\":\"Duschlbaur&#039;s Kr\u00e4uter Shop - Tinktur Kr\u00e4utertinktur kaufen! Qualit\u00e4t seit 1917!\",\"description\":\"Wir haben einen gro\u00dfe Auswahl an Kr\u00e4utertinkturen in unserem Shop! Tinktur Kr\u00e4utertinktur kaufen!\",\"potentialAction\":[{\"@type\":\"SearchAction\",\"target\":{\"@type\":\"EntryPoint\",\"urlTemplate\":\"https:\/\/www.naturessenzen.com\/?s={search_term_string}\"},\"query-input\":\"required name=search_term_string\"}],\"inLanguage\":\"de\"}]}<\/script>\n<!-- \/ Yoast SEO plugin. -->","yoast_head_json":{"title":"Rosmarin Tinktur Tropfen kaufen - rosmarinus officinalis","description":"Rosmarin Tinktur Tropfen kaufen \u2713 rein pflanzlich \u2713 Jetzt auf Rechnung bestellen \u2713 versandkostenfrei \u2713 beste K\u00e4rntner Tropfen","robots":{"index":"index","follow":"follow","max-snippet":"max-snippet:-1","max-image-preview":"max-image-preview:large","max-video-preview":"max-video-preview:-1"},"canonical":"https:\/\/www.naturessenzen.com\/produkt\/rosmarin-tinktur-kraeutertropfen\/","og_locale":"de_DE","og_type":"article","og_title":"Rosmarin Tinktur Tropfen kaufen - rosmarinus officinalis","og_description":"Rosmarin Tinktur Tropfen kaufen \u2713 rein pflanzlich \u2713 Jetzt auf Rechnung bestellen \u2713 versandkostenfrei \u2713 beste K\u00e4rntner Tropfen","og_url":"https:\/\/www.naturessenzen.com\/produkt\/rosmarin-tinktur-kraeutertropfen\/","og_site_name":"Duschlbaur&#039;s Kr\u00e4uter Shop - Tinktur Kr\u00e4utertinktur kaufen! Qualit\u00e4t seit 1917!","article_modified_time":"2023-09-26T09:21:50+00:00","og_image":[{"width":1000,"height":1000,"url":"https:\/\/www.naturessenzen.com\/wp-content\/uploads\/2020\/11\/kraeuteressenz_krautertinktur_rosmarin_magen_darm_blutdruck_heilmittel.png","type":"image\/jpeg"}],"twitter_card":"summary_large_image","twitter_misc":{"Gesch\u00e4tzte Lesezeit":"2\u00a0Minuten"},"schema":{"@context":"https:\/\/schema.org","@graph":[{"@type":"WebPage","@id":"https:\/\/www.naturessenzen.com\/produkt\/rosmarin-tinktur-kraeutertropfen\/","url":"https:\/\/www.naturessenzen.com\/produkt\/rosmarin-tinktur-kraeutertropfen\/","name":"Rosmarin Tinktur Tropfen kaufen - rosmarinus officinalis","isPartOf":{"@id":"https:\/\/www.naturessenzen.com\/#website"},"datePublished":"2020-10-21T19:21:06+00:00","dateModified":"2023-09-26T09:21:50+00:00","description":"Rosmarin Tinktur Tropfen kaufen \u2713 rein pflanzlich \u2713 Jetzt auf Rechnung bestellen \u2713 versandkostenfrei \u2713 beste K\u00e4rntner Tropfen","breadcrumb":{"@id":"https:\/\/www.naturessenzen.com\/produkt\/rosmarin-tinktur-kraeutertropfen\/#breadcrumb"},"inLanguage":"de","potentialAction":[{"@type":"ReadAction","target":["https:\/\/www.naturessenzen.com\/produkt\/rosmarin-tinktur-kraeutertropfen\/"]}]},{"@type":"BreadcrumbList","@id":"https:\/\/www.naturessenzen.com\/produkt\/rosmarin-tinktur-kraeutertropfen\/#breadcrumb","itemListElement":[{"@type":"ListItem","position":1,"name":"Startseite","item":"https:\/\/www.naturessenzen.com\/"},{"@type":"ListItem","position":2,"name":"Shop","item":"https:\/\/www.naturessenzen.com\/heilpflanzen-heilkraeuter-online-tinktur-kaufen\/"},{"@type":"ListItem","position":3,"name":"Rosmarin Tinktur"}]},{"@type":"WebSite","@id":"https:\/\/www.naturessenzen.com\/#website","url":"https:\/\/www.naturessenzen.com\/","name":"Duschlbaur&#039;s Kr\u00e4uter Shop - Tinktur Kr\u00e4utertinktur kaufen! Qualit\u00e4t seit 1917!","description":"Wir haben einen gro\u00dfe Auswahl an Kr\u00e4utertinkturen in unserem Shop! Tinktur Kr\u00e4utertinktur kaufen!","potentialAction":[{"@type":"SearchAction","target":{"@type":"EntryPoint","urlTemplate":"https:\/\/www.naturessenzen.com\/?s={search_term_string}"},"query-input":"required name=search_term_string"}],"inLanguage":"de"}]}},"_links":{"self":[{"href":"https:\/\/www.naturessenzen.com\/wp-json\/wp\/v2\/product\/724"}],"collection":[{"href":"https:\/\/www.naturessenzen.com\/wp-json\/wp\/v2\/product"}],"about":[{"href":"https:\/\/www.naturessenzen.com\/wp-json\/wp\/v2\/types\/product"}],"replies":[{"embeddable":true,"href":"https:\/\/www.naturessenzen.com\/wp-json\/wp\/v2\/comments?post=724"}],"wp:featuredmedia":[{"embeddable":true,"href":"https:\/\/www.naturessenzen.com\/wp-json\/wp\/v2\/media\/934"}],"wp:attachment":[{"href":"https:\/\/www.naturessenzen.com\/wp-json\/wp\/v2\/media?parent=724"}],"wp:term":[{"taxonomy":"product_cat","embeddable":true,"href":"https:\/\/www.naturessenzen.com\/wp-json\/wp\/v2\/product_cat?post=724"},{"taxonomy":"product_tag","embeddable":true,"href":"https:\/\/www.naturessenzen.com\/wp-json\/wp\/v2\/product_tag?post=724"}],"curies":[{"name":"wp","href":"https:\/\/api.w.org\/{rel}","templated":true}]}}