{"id":6736,"date":"2023-09-26T09:22:55","date_gmt":"2023-09-26T07:22:55","guid":{"rendered":"https:\/\/www.naturessenzen.com\/?post_type=product&#038;p=6736"},"modified":"2023-09-27T10:00:53","modified_gmt":"2023-09-27T08:00:53","slug":"entspannung-aura-spray","status":"publish","type":"product","link":"https:\/\/www.naturessenzen.com\/produkt\/entspannung-aura-spray\/","title":{"rendered":"Entspannung Aura Spray"},"content":{"rendered":"<h2>&#8222;Entspannung&#8220; Aura-Spray<\/h2>\n<p>Die nat\u00fcrlichen Inhaltsstoffe des<strong> \u201eEntspannung\u201c Aura-Sprays <\/strong>sind:<\/p>\n<p>Naturreine \u00e4therische \u00d6le von Benzoe, Lavendel, Zedernholz, Orange S\u00fc\u00df, Muskatnuss, Bergamotte, Sandelholz, Melisse, Alkohol, Wasser<\/p>\n<p>&nbsp;<\/p>\n<p>Einige Spr\u00fchst\u00f6\u00dfe unseres<strong> Duschlbaur\u00b4s \u201eEntspannung\u201c Aura-Sprays<\/strong> k\u00f6nnen:<\/p>\n<ul>\n<li>Balsam sein f\u00fcr ein aufgew\u00fchltes Innenleben<\/li>\n<li>Ihre Stimmung aufhellen<\/li>\n<li>dem Alltag die stressende Hektik nehmen<\/li>\n<li>Raum schaffen f\u00fcr positive Gedanken<\/li>\n<li>innere Unruhe, Anspannung und Verbitterung l\u00f6sen<\/li>\n<li>das Seelenkost\u00fcm beruhigen<\/li>\n<li>zum Ende des Tages beruhigend auf die pers\u00f6nliche Befindlichkeit wirken<\/li>\n<li>erholsame N\u00e4chte bereiten<\/li>\n<li>die Nerven strapazierende Ereignisse die Sch\u00e4rfe nehmen<\/li>\n<\/ul>\n<p>&nbsp;<\/p>\n","protected":false},"excerpt":{"rendered":"<p>\u00dcber das <strong>\u201eEntspannung\u201c Aura-Spray:<\/strong><\/p>\n<ul>\n<li>Bei Bedarf einige Spr\u00fchst\u00f6\u00dfe in die Luft spr\u00fchen<\/li>\n<li>Geeignet f\u00fcr den Wohnbereich, Arbeitsr\u00e4ume und unterwegs<\/li>\n<li>Naturreine \u00e4therische \u00d6le<\/li>\n<li>100 % nat\u00fcrlich<\/li>\n<li>Frei von Konservierungsmitteln und Farbstoffen<\/li>\n<li>Ohne chemische Duftstoffe<\/li>\n<li>Hergestellt in K\u00e4rnten<\/li>\n<\/ul>\n<p><strong>\u201eEntspannung\u201c Aura-Spray, 30 ml Spr\u00fchflasche<\/strong><\/p>\n","protected":false},"featured_media":8265,"comment_status":"closed","ping_status":"closed","template":"","meta":{"inline_featured_image":false},"product_cat":[29],"product_tag":[],"acf":[],"yoast_head":"<!-- This site is optimized with the Yoast SEO plugin v20.11 - https:\/\/yoast.com\/wordpress\/plugins\/seo\/ -->\n<title>&quot;Entspannung&quot; Aura-Spray - schafft eine stressl\u00f6sende Ruhezone<\/title>\n<meta name=\"description\" content=\"Duschlbaur\u00b4s &quot;Entspannung&quot; Aura-Spray - l\u00f6st innere Anspannung, baut Stress ab, beruhigt das Nervenkost\u00fcm - Tag und Nacht!\" \/>\n<meta name=\"robots\" content=\"index, follow, max-snippet:-1, max-image-preview:large, max-video-preview:-1\" \/>\n<link rel=\"canonical\" href=\"https:\/\/www.naturessenzen.com\/produkt\/entspannung-aura-spray\/\" \/>\n<meta property=\"og:locale\" content=\"de_DE\" \/>\n<meta property=\"og:type\" content=\"article\" \/>\n<meta property=\"og:title\" content=\"&quot;Entspannung&quot; Aura-Spray - schafft eine stressl\u00f6sende Ruhezone\" \/>\n<meta property=\"og:description\" content=\"Duschlbaur\u00b4s &quot;Entspannung&quot; Aura-Spray - l\u00f6st innere Anspannung, baut Stress ab, beruhigt das Nervenkost\u00fcm - Tag und Nacht!\" \/>\n<meta property=\"og:url\" content=\"https:\/\/www.naturessenzen.com\/produkt\/entspannung-aura-spray\/\" \/>\n<meta property=\"og:site_name\" content=\"Duschlbaur&#039;s Kr\u00e4uter Shop - Tinktur Kr\u00e4utertinktur kaufen! Qualit\u00e4t seit 1917!\" \/>\n<meta property=\"article:modified_time\" content=\"2023-09-27T08:00:53+00:00\" \/>\n<meta property=\"og:image\" content=\"https:\/\/www.naturessenzen.com\/wp-content\/uploads\/2023\/09\/Entspannung-Aura-Spray.png\" \/>\n\t<meta property=\"og:image:width\" content=\"1000\" \/>\n\t<meta property=\"og:image:height\" content=\"1000\" \/>\n\t<meta property=\"og:image:type\" content=\"image\/png\" \/>\n<meta name=\"twitter:card\" content=\"summary_large_image\" \/>\n<meta name=\"twitter:label1\" content=\"Gesch\u00e4tzte Lesezeit\" \/>\n\t<meta name=\"twitter:data1\" content=\"1\u00a0Minute\" \/>\n<script type=\"application\/ld+json\" class=\"yoast-schema-graph\">{\"@context\":\"https:\/\/schema.org\",\"@graph\":[{\"@type\":\"WebPage\",\"@id\":\"https:\/\/www.naturessenzen.com\/produkt\/entspannung-aura-spray\/\",\"url\":\"https:\/\/www.naturessenzen.com\/produkt\/entspannung-aura-spray\/\",\"name\":\"\\\"Entspannung\\\" Aura-Spray - schafft eine stressl\u00f6sende Ruhezone\",\"isPartOf\":{\"@id\":\"https:\/\/www.naturessenzen.com\/#website\"},\"datePublished\":\"2023-09-26T07:22:55+00:00\",\"dateModified\":\"2023-09-27T08:00:53+00:00\",\"description\":\"Duschlbaur\u00b4s \\\"Entspannung\\\" Aura-Spray - l\u00f6st innere Anspannung, baut Stress ab, beruhigt das Nervenkost\u00fcm - Tag und Nacht!\",\"breadcrumb\":{\"@id\":\"https:\/\/www.naturessenzen.com\/produkt\/entspannung-aura-spray\/#breadcrumb\"},\"inLanguage\":\"de\",\"potentialAction\":[{\"@type\":\"ReadAction\",\"target\":[\"https:\/\/www.naturessenzen.com\/produkt\/entspannung-aura-spray\/\"]}]},{\"@type\":\"BreadcrumbList\",\"@id\":\"https:\/\/www.naturessenzen.com\/produkt\/entspannung-aura-spray\/#breadcrumb\",\"itemListElement\":[{\"@type\":\"ListItem\",\"position\":1,\"name\":\"Startseite\",\"item\":\"https:\/\/www.naturessenzen.com\/\"},{\"@type\":\"ListItem\",\"position\":2,\"name\":\"Shop\",\"item\":\"https:\/\/www.naturessenzen.com\/heilpflanzen-heilkraeuter-online-tinktur-kaufen\/\"},{\"@type\":\"ListItem\",\"position\":3,\"name\":\"Entspannung Aura Spray\"}]},{\"@type\":\"WebSite\",\"@id\":\"https:\/\/www.naturessenzen.com\/#website\",\"url\":\"https:\/\/www.naturessenzen.com\/\",\"name\":\"Duschlbaur&#039;s Kr\u00e4uter Shop - Tinktur Kr\u00e4utertinktur kaufen! Qualit\u00e4t seit 1917!\",\"description\":\"Wir haben einen gro\u00dfe Auswahl an Kr\u00e4utertinkturen in unserem Shop! Tinktur Kr\u00e4utertinktur kaufen!\",\"potentialAction\":[{\"@type\":\"SearchAction\",\"target\":{\"@type\":\"EntryPoint\",\"urlTemplate\":\"https:\/\/www.naturessenzen.com\/?s={search_term_string}\"},\"query-input\":\"required name=search_term_string\"}],\"inLanguage\":\"de\"}]}<\/script>\n<!-- \/ Yoast SEO plugin. -->","yoast_head_json":{"title":"\"Entspannung\" Aura-Spray - schafft eine stressl\u00f6sende Ruhezone","description":"Duschlbaur\u00b4s \"Entspannung\" Aura-Spray - l\u00f6st innere Anspannung, baut Stress ab, beruhigt das Nervenkost\u00fcm - Tag und Nacht!","robots":{"index":"index","follow":"follow","max-snippet":"max-snippet:-1","max-image-preview":"max-image-preview:large","max-video-preview":"max-video-preview:-1"},"canonical":"https:\/\/www.naturessenzen.com\/produkt\/entspannung-aura-spray\/","og_locale":"de_DE","og_type":"article","og_title":"\"Entspannung\" Aura-Spray - schafft eine stressl\u00f6sende Ruhezone","og_description":"Duschlbaur\u00b4s \"Entspannung\" Aura-Spray - l\u00f6st innere Anspannung, baut Stress ab, beruhigt das Nervenkost\u00fcm - Tag und Nacht!","og_url":"https:\/\/www.naturessenzen.com\/produkt\/entspannung-aura-spray\/","og_site_name":"Duschlbaur&#039;s Kr\u00e4uter Shop - Tinktur Kr\u00e4utertinktur kaufen! Qualit\u00e4t seit 1917!","article_modified_time":"2023-09-27T08:00:53+00:00","og_image":[{"width":1000,"height":1000,"url":"https:\/\/www.naturessenzen.com\/wp-content\/uploads\/2023\/09\/Entspannung-Aura-Spray.png","type":"image\/png"}],"twitter_card":"summary_large_image","twitter_misc":{"Gesch\u00e4tzte Lesezeit":"1\u00a0Minute"},"schema":{"@context":"https:\/\/schema.org","@graph":[{"@type":"WebPage","@id":"https:\/\/www.naturessenzen.com\/produkt\/entspannung-aura-spray\/","url":"https:\/\/www.naturessenzen.com\/produkt\/entspannung-aura-spray\/","name":"\"Entspannung\" Aura-Spray - schafft eine stressl\u00f6sende Ruhezone","isPartOf":{"@id":"https:\/\/www.naturessenzen.com\/#website"},"datePublished":"2023-09-26T07:22:55+00:00","dateModified":"2023-09-27T08:00:53+00:00","description":"Duschlbaur\u00b4s \"Entspannung\" Aura-Spray - l\u00f6st innere Anspannung, baut Stress ab, beruhigt das Nervenkost\u00fcm - Tag und Nacht!","breadcrumb":{"@id":"https:\/\/www.naturessenzen.com\/produkt\/entspannung-aura-spray\/#breadcrumb"},"inLanguage":"de","potentialAction":[{"@type":"ReadAction","target":["https:\/\/www.naturessenzen.com\/produkt\/entspannung-aura-spray\/"]}]},{"@type":"BreadcrumbList","@id":"https:\/\/www.naturessenzen.com\/produkt\/entspannung-aura-spray\/#breadcrumb","itemListElement":[{"@type":"ListItem","position":1,"name":"Startseite","item":"https:\/\/www.naturessenzen.com\/"},{"@type":"ListItem","position":2,"name":"Shop","item":"https:\/\/www.naturessenzen.com\/heilpflanzen-heilkraeuter-online-tinktur-kaufen\/"},{"@type":"ListItem","position":3,"name":"Entspannung Aura Spray"}]},{"@type":"WebSite","@id":"https:\/\/www.naturessenzen.com\/#website","url":"https:\/\/www.naturessenzen.com\/","name":"Duschlbaur&#039;s Kr\u00e4uter Shop - Tinktur Kr\u00e4utertinktur kaufen! Qualit\u00e4t seit 1917!","description":"Wir haben einen gro\u00dfe Auswahl an Kr\u00e4utertinkturen in unserem Shop! Tinktur Kr\u00e4utertinktur kaufen!","potentialAction":[{"@type":"SearchAction","target":{"@type":"EntryPoint","urlTemplate":"https:\/\/www.naturessenzen.com\/?s={search_term_string}"},"query-input":"required name=search_term_string"}],"inLanguage":"de"}]}},"_links":{"self":[{"href":"https:\/\/www.naturessenzen.com\/wp-json\/wp\/v2\/product\/6736"}],"collection":[{"href":"https:\/\/www.naturessenzen.com\/wp-json\/wp\/v2\/product"}],"about":[{"href":"https:\/\/www.naturessenzen.com\/wp-json\/wp\/v2\/types\/product"}],"replies":[{"embeddable":true,"href":"https:\/\/www.naturessenzen.com\/wp-json\/wp\/v2\/comments?post=6736"}],"wp:featuredmedia":[{"embeddable":true,"href":"https:\/\/www.naturessenzen.com\/wp-json\/wp\/v2\/media\/8265"}],"wp:attachment":[{"href":"https:\/\/www.naturessenzen.com\/wp-json\/wp\/v2\/media?parent=6736"}],"wp:term":[{"taxonomy":"product_cat","embeddable":true,"href":"https:\/\/www.naturessenzen.com\/wp-json\/wp\/v2\/product_cat?post=6736"},{"taxonomy":"product_tag","embeddable":true,"href":"https:\/\/www.naturessenzen.com\/wp-json\/wp\/v2\/product_tag?post=6736"}],"curies":[{"name":"wp","href":"https:\/\/api.w.org\/{rel}","templated":true}]}}