{"id":6575,"date":"2023-09-26T09:51:49","date_gmt":"2023-09-26T07:51:49","guid":{"rendered":"https:\/\/www.naturessenzen.com\/?post_type=product&#038;p=6575"},"modified":"2023-09-27T09:59:38","modified_gmt":"2023-09-27T07:59:38","slug":"walnussbaum-juglans-regia-gemmo-mazerat","status":"publish","type":"product","link":"https:\/\/www.naturessenzen.com\/produkt\/walnussbaum-juglans-regia-gemmo-mazerat\/","title":{"rendered":"Walnussbaum Gemmo Mazerat (juglans regia)"},"content":{"rendered":"<h2>Walnussbaum Gemmo Mazerat<\/h2>\n<p>&nbsp;<\/p>\n<p>Unser <strong>Duschlbaur\u00b4s Walnussbaum (juglans regia) Gemmo Mazerat<\/strong> kann unterst\u00fctzend eingenommen werden bei\/zur:<\/p>\n<ul>\n<li>Regulierung des Magen-Darm-Traktes<\/li>\n<li>Bl\u00e4hungen<\/li>\n<li>V\u00f6llegef\u00fchl<\/li>\n<li>Durchfall<\/li>\n<li>Entz\u00fcndungen der Bauchspeicheldr\u00fcse<\/li>\n<li>Entgiftung der Leber<\/li>\n<li>Chronischen Hauterkrankungen (Akne, Psoriasis, Neurodermitis, Ekzemen, Hautentz\u00fcndungen)<\/li>\n<li>Hautpilz<\/li>\n<li>Soor<\/li>\n<li>Vaginalpilz<\/li>\n<\/ul>\n<p>&nbsp;<\/p>\n<p>Eine gleichzeitige Einnahme von konservativen Arzneien und Duschlbaur\u00b4s Walnussbaum (juglans regia) Gemmo Mazerat ist problemlos m\u00f6glich.<\/p>\n<p>&nbsp;<\/p>\n<h4><strong>Walnussbaum \u2013\u00a0 magischer Treffpunkt von Zauberern und Hexen<\/strong><\/h4>\n<p>&nbsp;<\/p>\n<p>Die <strong>Walnuss<\/strong> \u2013 lateinisch juglans regia \u2013 geh\u00f6rt zur Familie der Walnussgew\u00e4chse (juglandaceae).<\/p>\n<p>Die Wildform des Walnussbaumes ist eine der \u00e4ltesten Baumarten. Bereits in der Steinzeit war die Walnuss nachweislich eine wichtiges Nahrungsquelle f\u00fcr den Menschen. Waln\u00fcsse enthalten wertvolle mehrfach unges\u00e4ttigte Fetts\u00e4uren, Fols\u00e4ure, Eisen, Kalium, Zink, Kupfer, Kalzium, Vitamin B<sub>1<\/sub>, Vitamin B<sub>2<\/sub>, Vitamin B<sub>3<\/sub>, Vitamin B<sub>6<\/sub>, Vitamin A und Vitamin K.<\/p>\n<p>Aufgrund der weltweiten Verbreitung und der Bedeutung als Nahrungsmittel war der Walnussbaum immer wieder Gegenstand genetischer Untersuchungen und Analysen. Urspr\u00fcnglich stammt der Echte Walnussbaum aus Vorder- und Zentralasien. Der weltweit einzige und echte Walnussbaumbestand steht in Kirgistan. W\u00e4hrend der milden Klimaphasen der Erde breitete sich der Baum aus. In der Eiszeit verschwand er aus Europa. Erst in der r\u00f6mischen Antike brachten die Legion\u00e4re den Walnussbaum wieder nach Europa zur\u00fcck.<\/p>\n<p>Der sommergr\u00fcne Baum kann bis zu 30 Meter hoch und bis zu 150 Jahre alt werden. Bei g\u00fcnstigen Bedingungen ist ein Lebensalter von 300 Jahren oder\u00a0 mehr m\u00f6glich. Als urspr\u00fcnglich tropischer und subtropischer Baum liebt er sonnige Standorte. Sein einzelg\u00e4ngerisches Wesen verlangt viel Platz. Ein ausgewachsener Kulturbaum beansprucht eine Fl\u00e4che von wenigstens 10 x 10 Metern f\u00fcr sich.<\/p>\n<p>Die allseits beliebten Waln\u00fcsse liefert der Walnussbaum nicht vor seinem zehnten Lebensjahr. Botanisch gesehen sind die Waln\u00fcsse keine N\u00fcsse sondern einsamige Steinfr\u00fcchte. Die Fr\u00fcchte sind von einer fleischigen, gr\u00fcnen Schutzschicht umgeben. Sobald die Fr\u00fcchte reif sind, fallen sie vom Baum. Die gr\u00fcne Schutzschicht platzt dabei auf und gibt den inneren Kern \u2013 die eigentliche Walnuss \u2013 frei. Ein einziger Walnussbaum kann bis zu 50 Kilogramm Waln\u00fcsse tragen.<\/p>\n<p>In der Mythologie erscheint der Walnussbaum als Lebensbaum, als Ort der Zauberer und Hexen. Auch im Orakelwesen spielen Nussschalen eine Rolle. Zum Beispiel: Liebende legen zwei Nussschalen in ein mit unruhigem Wasser gef\u00fclltes Gef\u00e4\u00df. Bewegen sich die Schalen aufeinander zu, dann werden die Liebenden ein Paar. Oder: man wirft zwei Nussschalen in ein Feuer. Verbrennen diese ruhig, wird die Ehe gl\u00fccklich. Springen die Schalen aber auseinander, geht die Ehe in die Br\u00fcche. Diese und noch mehr Geschichten kreisen um den magischen Baum.<\/p>\n","protected":false},"excerpt":{"rendered":"<ul>\n<li>Anwendungsgebiete: Darm, Magen, Leber, Bauchspeicheldr\u00fcse, Haut, Pilze<\/li>\n<li>Sofortige Wirkstoffaufnahme \u00fcber die Mundschleimhaut<\/li>\n<li>Ohne Wasser einzunehmen<\/li>\n<li>Frische Pflanzenknospen aus K\u00e4rntner Wildsammlung<\/li>\n<li>Ernte der aussprie\u00dfenden Knospen im Fr\u00fchjahr<\/li>\n<li>Alle Inhaltsstoffe 100 % nat\u00fcrlich<\/li>\n<li>Frei von Mineral- und Silikonstoffen<\/li>\n<li>Frei von Hormonen, k\u00fcnstlichen Zus\u00e4tzen und Farbstoffen<\/li>\n<li>Hergestellt in K\u00e4rnten<\/li>\n<\/ul>\n<p><strong>Gemmo Mazerat &#8211; 30 ml Spr\u00fchflasche<\/strong><\/p>\n","protected":false},"featured_media":8282,"comment_status":"closed","ping_status":"closed","template":"","meta":{"inline_featured_image":false},"product_cat":[28],"product_tag":[],"acf":[],"yoast_head":"<!-- This site is optimized with the Yoast SEO plugin v20.11 - https:\/\/yoast.com\/wordpress\/plugins\/seo\/ -->\n<title>Walnussbaum (Juglans regia) Gemmo Mazerat aus K\u00e4rnten<\/title>\n<meta name=\"description\" content=\"Walnussbaum (Juglans regia) Gemmo Mazerat aus frischen Knospen von K\u00e4rntner Walnussb\u00e4umen - f\u00fcr Magen, Darm, Leber, Bauchspeicheldr\u00fcse, Haut!\" \/>\n<meta name=\"robots\" content=\"index, follow, max-snippet:-1, max-image-preview:large, max-video-preview:-1\" \/>\n<link rel=\"canonical\" href=\"https:\/\/www.naturessenzen.com\/produkt\/walnussbaum-juglans-regia-gemmo-mazerat\/\" \/>\n<meta property=\"og:locale\" content=\"de_DE\" \/>\n<meta property=\"og:type\" content=\"article\" \/>\n<meta property=\"og:title\" content=\"Walnussbaum (Juglans regia) Gemmo Mazerat aus K\u00e4rnten\" \/>\n<meta property=\"og:description\" content=\"Walnussbaum (Juglans regia) Gemmo Mazerat aus frischen Knospen von K\u00e4rntner Walnussb\u00e4umen - f\u00fcr Magen, Darm, Leber, Bauchspeicheldr\u00fcse, Haut!\" \/>\n<meta property=\"og:url\" content=\"https:\/\/www.naturessenzen.com\/produkt\/walnussbaum-juglans-regia-gemmo-mazerat\/\" \/>\n<meta property=\"og:site_name\" content=\"Duschlbaur&#039;s Kr\u00e4uter Shop - Tinktur Kr\u00e4utertinktur kaufen! Qualit\u00e4t seit 1917!\" \/>\n<meta property=\"article:modified_time\" content=\"2023-09-27T07:59:38+00:00\" \/>\n<meta property=\"og:image\" content=\"https:\/\/www.naturessenzen.com\/wp-content\/uploads\/2023\/09\/Walnuss-Gemmo-Mazerat.png\" \/>\n\t<meta property=\"og:image:width\" content=\"1000\" \/>\n\t<meta property=\"og:image:height\" content=\"1000\" \/>\n\t<meta property=\"og:image:type\" content=\"image\/png\" \/>\n<meta name=\"twitter:card\" content=\"summary_large_image\" \/>\n<meta name=\"twitter:label1\" content=\"Gesch\u00e4tzte Lesezeit\" \/>\n\t<meta name=\"twitter:data1\" content=\"3\u00a0Minuten\" \/>\n<script type=\"application\/ld+json\" class=\"yoast-schema-graph\">{\"@context\":\"https:\/\/schema.org\",\"@graph\":[{\"@type\":\"WebPage\",\"@id\":\"https:\/\/www.naturessenzen.com\/produkt\/walnussbaum-juglans-regia-gemmo-mazerat\/\",\"url\":\"https:\/\/www.naturessenzen.com\/produkt\/walnussbaum-juglans-regia-gemmo-mazerat\/\",\"name\":\"Walnussbaum (Juglans regia) Gemmo Mazerat aus K\u00e4rnten\",\"isPartOf\":{\"@id\":\"https:\/\/www.naturessenzen.com\/#website\"},\"datePublished\":\"2023-09-26T07:51:49+00:00\",\"dateModified\":\"2023-09-27T07:59:38+00:00\",\"description\":\"Walnussbaum (Juglans regia) Gemmo Mazerat aus frischen Knospen von K\u00e4rntner Walnussb\u00e4umen - f\u00fcr Magen, Darm, Leber, Bauchspeicheldr\u00fcse, Haut!\",\"breadcrumb\":{\"@id\":\"https:\/\/www.naturessenzen.com\/produkt\/walnussbaum-juglans-regia-gemmo-mazerat\/#breadcrumb\"},\"inLanguage\":\"de\",\"potentialAction\":[{\"@type\":\"ReadAction\",\"target\":[\"https:\/\/www.naturessenzen.com\/produkt\/walnussbaum-juglans-regia-gemmo-mazerat\/\"]}]},{\"@type\":\"BreadcrumbList\",\"@id\":\"https:\/\/www.naturessenzen.com\/produkt\/walnussbaum-juglans-regia-gemmo-mazerat\/#breadcrumb\",\"itemListElement\":[{\"@type\":\"ListItem\",\"position\":1,\"name\":\"Startseite\",\"item\":\"https:\/\/www.naturessenzen.com\/\"},{\"@type\":\"ListItem\",\"position\":2,\"name\":\"Shop\",\"item\":\"https:\/\/www.naturessenzen.com\/heilpflanzen-heilkraeuter-online-tinktur-kaufen\/\"},{\"@type\":\"ListItem\",\"position\":3,\"name\":\"Walnussbaum Gemmo Mazerat (juglans regia)\"}]},{\"@type\":\"WebSite\",\"@id\":\"https:\/\/www.naturessenzen.com\/#website\",\"url\":\"https:\/\/www.naturessenzen.com\/\",\"name\":\"Duschlbaur&#039;s Kr\u00e4uter Shop - Tinktur Kr\u00e4utertinktur kaufen! Qualit\u00e4t seit 1917!\",\"description\":\"Wir haben einen gro\u00dfe Auswahl an Kr\u00e4utertinkturen in unserem Shop! Tinktur Kr\u00e4utertinktur kaufen!\",\"potentialAction\":[{\"@type\":\"SearchAction\",\"target\":{\"@type\":\"EntryPoint\",\"urlTemplate\":\"https:\/\/www.naturessenzen.com\/?s={search_term_string}\"},\"query-input\":\"required name=search_term_string\"}],\"inLanguage\":\"de\"}]}<\/script>\n<!-- \/ Yoast SEO plugin. -->","yoast_head_json":{"title":"Walnussbaum (Juglans regia) Gemmo Mazerat aus K\u00e4rnten","description":"Walnussbaum (Juglans regia) Gemmo Mazerat aus frischen Knospen von K\u00e4rntner Walnussb\u00e4umen - f\u00fcr Magen, Darm, Leber, Bauchspeicheldr\u00fcse, Haut!","robots":{"index":"index","follow":"follow","max-snippet":"max-snippet:-1","max-image-preview":"max-image-preview:large","max-video-preview":"max-video-preview:-1"},"canonical":"https:\/\/www.naturessenzen.com\/produkt\/walnussbaum-juglans-regia-gemmo-mazerat\/","og_locale":"de_DE","og_type":"article","og_title":"Walnussbaum (Juglans regia) Gemmo Mazerat aus K\u00e4rnten","og_description":"Walnussbaum (Juglans regia) Gemmo Mazerat aus frischen Knospen von K\u00e4rntner Walnussb\u00e4umen - f\u00fcr Magen, Darm, Leber, Bauchspeicheldr\u00fcse, Haut!","og_url":"https:\/\/www.naturessenzen.com\/produkt\/walnussbaum-juglans-regia-gemmo-mazerat\/","og_site_name":"Duschlbaur&#039;s Kr\u00e4uter Shop - Tinktur Kr\u00e4utertinktur kaufen! Qualit\u00e4t seit 1917!","article_modified_time":"2023-09-27T07:59:38+00:00","og_image":[{"width":1000,"height":1000,"url":"https:\/\/www.naturessenzen.com\/wp-content\/uploads\/2023\/09\/Walnuss-Gemmo-Mazerat.png","type":"image\/png"}],"twitter_card":"summary_large_image","twitter_misc":{"Gesch\u00e4tzte Lesezeit":"3\u00a0Minuten"},"schema":{"@context":"https:\/\/schema.org","@graph":[{"@type":"WebPage","@id":"https:\/\/www.naturessenzen.com\/produkt\/walnussbaum-juglans-regia-gemmo-mazerat\/","url":"https:\/\/www.naturessenzen.com\/produkt\/walnussbaum-juglans-regia-gemmo-mazerat\/","name":"Walnussbaum (Juglans regia) Gemmo Mazerat aus K\u00e4rnten","isPartOf":{"@id":"https:\/\/www.naturessenzen.com\/#website"},"datePublished":"2023-09-26T07:51:49+00:00","dateModified":"2023-09-27T07:59:38+00:00","description":"Walnussbaum (Juglans regia) Gemmo Mazerat aus frischen Knospen von K\u00e4rntner Walnussb\u00e4umen - f\u00fcr Magen, Darm, Leber, Bauchspeicheldr\u00fcse, Haut!","breadcrumb":{"@id":"https:\/\/www.naturessenzen.com\/produkt\/walnussbaum-juglans-regia-gemmo-mazerat\/#breadcrumb"},"inLanguage":"de","potentialAction":[{"@type":"ReadAction","target":["https:\/\/www.naturessenzen.com\/produkt\/walnussbaum-juglans-regia-gemmo-mazerat\/"]}]},{"@type":"BreadcrumbList","@id":"https:\/\/www.naturessenzen.com\/produkt\/walnussbaum-juglans-regia-gemmo-mazerat\/#breadcrumb","itemListElement":[{"@type":"ListItem","position":1,"name":"Startseite","item":"https:\/\/www.naturessenzen.com\/"},{"@type":"ListItem","position":2,"name":"Shop","item":"https:\/\/www.naturessenzen.com\/heilpflanzen-heilkraeuter-online-tinktur-kaufen\/"},{"@type":"ListItem","position":3,"name":"Walnussbaum Gemmo Mazerat (juglans regia)"}]},{"@type":"WebSite","@id":"https:\/\/www.naturessenzen.com\/#website","url":"https:\/\/www.naturessenzen.com\/","name":"Duschlbaur&#039;s Kr\u00e4uter Shop - Tinktur Kr\u00e4utertinktur kaufen! Qualit\u00e4t seit 1917!","description":"Wir haben einen gro\u00dfe Auswahl an Kr\u00e4utertinkturen in unserem Shop! Tinktur Kr\u00e4utertinktur kaufen!","potentialAction":[{"@type":"SearchAction","target":{"@type":"EntryPoint","urlTemplate":"https:\/\/www.naturessenzen.com\/?s={search_term_string}"},"query-input":"required name=search_term_string"}],"inLanguage":"de"}]}},"_links":{"self":[{"href":"https:\/\/www.naturessenzen.com\/wp-json\/wp\/v2\/product\/6575"}],"collection":[{"href":"https:\/\/www.naturessenzen.com\/wp-json\/wp\/v2\/product"}],"about":[{"href":"https:\/\/www.naturessenzen.com\/wp-json\/wp\/v2\/types\/product"}],"replies":[{"embeddable":true,"href":"https:\/\/www.naturessenzen.com\/wp-json\/wp\/v2\/comments?post=6575"}],"wp:featuredmedia":[{"embeddable":true,"href":"https:\/\/www.naturessenzen.com\/wp-json\/wp\/v2\/media\/8282"}],"wp:attachment":[{"href":"https:\/\/www.naturessenzen.com\/wp-json\/wp\/v2\/media?parent=6575"}],"wp:term":[{"taxonomy":"product_cat","embeddable":true,"href":"https:\/\/www.naturessenzen.com\/wp-json\/wp\/v2\/product_cat?post=6575"},{"taxonomy":"product_tag","embeddable":true,"href":"https:\/\/www.naturessenzen.com\/wp-json\/wp\/v2\/product_tag?post=6575"}],"curies":[{"name":"wp","href":"https:\/\/api.w.org\/{rel}","templated":true}]}}