{"id":1904,"date":"2021-01-27T08:31:41","date_gmt":"2021-01-27T07:31:41","guid":{"rendered":"https:\/\/www.naturessenzen.com\/?post_type=product&#038;p=1904"},"modified":"2023-09-26T12:49:10","modified_gmt":"2023-09-26T10:49:10","slug":"gelenke-beweglichkeit-tinktur-essenz-kraeutertropfen","status":"publish","type":"product","link":"https:\/\/www.naturessenzen.com\/produkt\/gelenke-beweglichkeit-tinktur-essenz-kraeutertropfen\/","title":{"rendered":"Bewegungsfreude Tinktur"},"content":{"rendered":"<h2>Duschlbaur\u00b4s &#8222;Bewegungsfreude&#8220; &#8211; Gelenke Beweglichkeit &#8211; Tinktur Tropfen<\/h2>\n<p>Unsere Tinktur<em><strong> &#8222;Bewegungsfreude&#8220;<\/strong> <\/em>kann sich wohltuend auf die Beweglichkeit Ihrer Gelenke auswirken. Die nat\u00fcrlichen Inhaltsstoffe der <em><strong>&#8222;Bewegungsfreude&#8220;<\/strong><\/em> Tinktur Tropfen sind: Wasser, Alkohol, Ringelblume, Brennessel gro\u00df, M\u00e4des\u00fc\u00df, Weinraute, Giersch und Ackerschachtelhalm.<\/p>\n<p>F\u00fcr die Herstellung dieser sehr wertvollen Tropfen verwenden wir bei Ringelblume, Brennessel gro\u00df, M\u00e4des\u00fc\u00df, Weinraute, Giersch und Ackerschachtelhalm die ganze Pflanze mit Bl\u00fcte.<\/p>\n<p>In unserem K\u00f6rper sorgen um die 140 verschiedenen Gelenke f\u00fcr die beweglichen Verbindungen zwischen den Knochen. Ohne diese gelenkigen K\u00f6rperteile k\u00f6nnten wir weder stehen noch gehen noch laufen noch Freudenspr\u00fcnge machen.<span class=\"Apple-converted-space\">\u00a0<\/span><\/p>\n<p>Ein Gelenk besteht aus einer Gelenksfl\u00e4che, einer Gelenkskapsel und einem Gelenksspalt. Dieser Spalt ist mit einer Fl\u00fcssigkeit gef\u00fcllt, welche bei Bewegung die Reibung abd\u00e4mpft. Mit der Zeit reibt dann Knochen auf Knochen und es kommt schleichend zu einem Steifheitsgef\u00fchl nach dem morgendlichen Aufstehen, es \u201eknackst\u201c beim Gehen oder Beugen, die Erledigung der allt\u00e4glichen Aufgaben wird m\u00fchsamer, die Freude an der Bewegung im Freien schwindet. Es bilden sich schmerzhafte Schwellungen und R\u00f6tungen. Der Wunsch nach mehr Beweglichkeit und weniger Schmerzen wird zum Dauerbegleiter. <span class=\"Apple-converted-space\">\u00a0<\/span><\/p>\n<p>Unterst\u00fctzen Sie Ihren K\u00f6rper im Kampf gegen diese Entz\u00fcndungsprozesse oder \u2026\u2026. werden Sie gleich vorbeugend aktiv. Greifen Sie auf die altbew\u00e4hrten Kr\u00e4uter aus dem Schatzamt der Natur zur\u00fcck!<\/p>\n<p>In unserer Duschlbaur\u00b4s Komplextinktur <b><i>\u201eBewegungsfreude\u201c<\/i><\/b> begleiten Sie die gro\u00dfe Brennessel, Ringelblume, M\u00e4des\u00fc\u00df, Giersch, Weinraute und Ackerschachtelhalm auf Schritt und Tritt.<span class=\"Apple-converted-space\">\u00a0<\/span><\/p>\n","protected":false},"excerpt":{"rendered":"<ul>\n<li>Anwendungsgebiete: Gelenke, Abn\u00fctzung, Entz\u00fcndungen, Beweglichkeit<\/li>\n<li>Reinsubstanz \u2013 nur Wirkstoffe der Kr\u00e4uter enthalten<\/li>\n<li>Arzneimittelqualit\u00e4t der Kr\u00e4uter<\/li>\n<li>Gute Alternative zu Kapseln oder Tee<\/li>\n<li>Ausreichend f\u00fcr 50 Tage Kr\u00e4uterkur<\/li>\n<li>H\u00f6chste Qualit\u00e4tsstandards und Hygienerichtlinien<\/li>\n<li>Frei von k\u00fcnstlichen Zus\u00e4tzen und Farbstoffen<\/li>\n<li>Hergestellt nach traditionellen alchemistischen Grunds\u00e4tzen &#8211; nach Ansicht von Paracelsus<\/li>\n<\/ul>\n<p>Alchemische<strong> nat\u00fcrliche Tropfen, 50 ml<\/strong> Glasflasche<strong><br \/>\n<\/strong><\/p>\n","protected":false},"featured_media":1913,"comment_status":"closed","ping_status":"closed","template":"","meta":{"inline_featured_image":false},"product_cat":[25],"product_tag":[],"acf":[],"yoast_head":"<!-- This site is optimized with the Yoast SEO plugin v20.11 - https:\/\/yoast.com\/wordpress\/plugins\/seo\/ -->\n<title>Gelenke Beweglichkeit Tinktur Essenz kaufen - Tropfen<\/title>\n<meta name=\"description\" content=\"Gelenke Beweglichkeit Tinktur kaufen \u2713 rein pflanzliche Essenz \u2713 Jetzt auf Rechnung bestellen \u2713 versandkostenfrei \u2713 Tropfen aus K\u00e4rnten\" \/>\n<meta name=\"robots\" content=\"index, follow, max-snippet:-1, max-image-preview:large, max-video-preview:-1\" \/>\n<link rel=\"canonical\" href=\"https:\/\/www.naturessenzen.com\/produkt\/gelenke-beweglichkeit-tinktur-essenz-kraeutertropfen\/\" \/>\n<meta property=\"og:locale\" content=\"de_DE\" \/>\n<meta property=\"og:type\" content=\"article\" \/>\n<meta property=\"og:title\" content=\"Gelenke Beweglichkeit Tinktur Essenz kaufen - Tropfen\" \/>\n<meta property=\"og:description\" content=\"Gelenke Beweglichkeit Tinktur kaufen \u2713 rein pflanzliche Essenz \u2713 Jetzt auf Rechnung bestellen \u2713 versandkostenfrei \u2713 Tropfen aus K\u00e4rnten\" \/>\n<meta property=\"og:url\" content=\"https:\/\/www.naturessenzen.com\/produkt\/gelenke-beweglichkeit-tinktur-essenz-kraeutertropfen\/\" \/>\n<meta property=\"og:site_name\" content=\"Duschlbaur&#039;s Kr\u00e4uter Shop - Tinktur Kr\u00e4utertinktur kaufen! Qualit\u00e4t seit 1917!\" \/>\n<meta property=\"article:modified_time\" content=\"2023-09-26T10:49:10+00:00\" \/>\n<meta property=\"og:image\" content=\"https:\/\/www.naturessenzen.com\/wp-content\/uploads\/2021\/01\/kraeuteressenz_kraeutertinktur_bewegungsfreude_beweglich_steifheit_schwellungen_roetungen_entzuendungen_vorbeugen.png\" \/>\n\t<meta property=\"og:image:width\" content=\"1000\" \/>\n\t<meta property=\"og:image:height\" content=\"1000\" \/>\n\t<meta property=\"og:image:type\" content=\"image\/png\" \/>\n<meta name=\"twitter:card\" content=\"summary_large_image\" \/>\n<meta name=\"twitter:label1\" content=\"Gesch\u00e4tzte Lesezeit\" \/>\n\t<meta name=\"twitter:data1\" content=\"2\u00a0Minuten\" \/>\n<script type=\"application\/ld+json\" class=\"yoast-schema-graph\">{\"@context\":\"https:\/\/schema.org\",\"@graph\":[{\"@type\":\"WebPage\",\"@id\":\"https:\/\/www.naturessenzen.com\/produkt\/gelenke-beweglichkeit-tinktur-essenz-kraeutertropfen\/\",\"url\":\"https:\/\/www.naturessenzen.com\/produkt\/gelenke-beweglichkeit-tinktur-essenz-kraeutertropfen\/\",\"name\":\"Gelenke Beweglichkeit Tinktur Essenz kaufen - Tropfen\",\"isPartOf\":{\"@id\":\"https:\/\/www.naturessenzen.com\/#website\"},\"datePublished\":\"2021-01-27T07:31:41+00:00\",\"dateModified\":\"2023-09-26T10:49:10+00:00\",\"description\":\"Gelenke Beweglichkeit Tinktur kaufen \u2713 rein pflanzliche Essenz \u2713 Jetzt auf Rechnung bestellen \u2713 versandkostenfrei \u2713 Tropfen aus K\u00e4rnten\",\"breadcrumb\":{\"@id\":\"https:\/\/www.naturessenzen.com\/produkt\/gelenke-beweglichkeit-tinktur-essenz-kraeutertropfen\/#breadcrumb\"},\"inLanguage\":\"de\",\"potentialAction\":[{\"@type\":\"ReadAction\",\"target\":[\"https:\/\/www.naturessenzen.com\/produkt\/gelenke-beweglichkeit-tinktur-essenz-kraeutertropfen\/\"]}]},{\"@type\":\"BreadcrumbList\",\"@id\":\"https:\/\/www.naturessenzen.com\/produkt\/gelenke-beweglichkeit-tinktur-essenz-kraeutertropfen\/#breadcrumb\",\"itemListElement\":[{\"@type\":\"ListItem\",\"position\":1,\"name\":\"Startseite\",\"item\":\"https:\/\/www.naturessenzen.com\/\"},{\"@type\":\"ListItem\",\"position\":2,\"name\":\"Shop\",\"item\":\"https:\/\/www.naturessenzen.com\/heilpflanzen-heilkraeuter-online-tinktur-kaufen\/\"},{\"@type\":\"ListItem\",\"position\":3,\"name\":\"Bewegungsfreude Tinktur\"}]},{\"@type\":\"WebSite\",\"@id\":\"https:\/\/www.naturessenzen.com\/#website\",\"url\":\"https:\/\/www.naturessenzen.com\/\",\"name\":\"Duschlbaur&#039;s Kr\u00e4uter Shop - Tinktur Kr\u00e4utertinktur kaufen! Qualit\u00e4t seit 1917!\",\"description\":\"Wir haben einen gro\u00dfe Auswahl an Kr\u00e4utertinkturen in unserem Shop! Tinktur Kr\u00e4utertinktur kaufen!\",\"potentialAction\":[{\"@type\":\"SearchAction\",\"target\":{\"@type\":\"EntryPoint\",\"urlTemplate\":\"https:\/\/www.naturessenzen.com\/?s={search_term_string}\"},\"query-input\":\"required name=search_term_string\"}],\"inLanguage\":\"de\"}]}<\/script>\n<!-- \/ Yoast SEO plugin. -->","yoast_head_json":{"title":"Gelenke Beweglichkeit Tinktur Essenz kaufen - Tropfen","description":"Gelenke Beweglichkeit Tinktur kaufen \u2713 rein pflanzliche Essenz \u2713 Jetzt auf Rechnung bestellen \u2713 versandkostenfrei \u2713 Tropfen aus K\u00e4rnten","robots":{"index":"index","follow":"follow","max-snippet":"max-snippet:-1","max-image-preview":"max-image-preview:large","max-video-preview":"max-video-preview:-1"},"canonical":"https:\/\/www.naturessenzen.com\/produkt\/gelenke-beweglichkeit-tinktur-essenz-kraeutertropfen\/","og_locale":"de_DE","og_type":"article","og_title":"Gelenke Beweglichkeit Tinktur Essenz kaufen - Tropfen","og_description":"Gelenke Beweglichkeit Tinktur kaufen \u2713 rein pflanzliche Essenz \u2713 Jetzt auf Rechnung bestellen \u2713 versandkostenfrei \u2713 Tropfen aus K\u00e4rnten","og_url":"https:\/\/www.naturessenzen.com\/produkt\/gelenke-beweglichkeit-tinktur-essenz-kraeutertropfen\/","og_site_name":"Duschlbaur&#039;s Kr\u00e4uter Shop - Tinktur Kr\u00e4utertinktur kaufen! Qualit\u00e4t seit 1917!","article_modified_time":"2023-09-26T10:49:10+00:00","og_image":[{"width":1000,"height":1000,"url":"https:\/\/www.naturessenzen.com\/wp-content\/uploads\/2021\/01\/kraeuteressenz_kraeutertinktur_bewegungsfreude_beweglich_steifheit_schwellungen_roetungen_entzuendungen_vorbeugen.png","type":"image\/png"}],"twitter_card":"summary_large_image","twitter_misc":{"Gesch\u00e4tzte Lesezeit":"2\u00a0Minuten"},"schema":{"@context":"https:\/\/schema.org","@graph":[{"@type":"WebPage","@id":"https:\/\/www.naturessenzen.com\/produkt\/gelenke-beweglichkeit-tinktur-essenz-kraeutertropfen\/","url":"https:\/\/www.naturessenzen.com\/produkt\/gelenke-beweglichkeit-tinktur-essenz-kraeutertropfen\/","name":"Gelenke Beweglichkeit Tinktur Essenz kaufen - Tropfen","isPartOf":{"@id":"https:\/\/www.naturessenzen.com\/#website"},"datePublished":"2021-01-27T07:31:41+00:00","dateModified":"2023-09-26T10:49:10+00:00","description":"Gelenke Beweglichkeit Tinktur kaufen \u2713 rein pflanzliche Essenz \u2713 Jetzt auf Rechnung bestellen \u2713 versandkostenfrei \u2713 Tropfen aus K\u00e4rnten","breadcrumb":{"@id":"https:\/\/www.naturessenzen.com\/produkt\/gelenke-beweglichkeit-tinktur-essenz-kraeutertropfen\/#breadcrumb"},"inLanguage":"de","potentialAction":[{"@type":"ReadAction","target":["https:\/\/www.naturessenzen.com\/produkt\/gelenke-beweglichkeit-tinktur-essenz-kraeutertropfen\/"]}]},{"@type":"BreadcrumbList","@id":"https:\/\/www.naturessenzen.com\/produkt\/gelenke-beweglichkeit-tinktur-essenz-kraeutertropfen\/#breadcrumb","itemListElement":[{"@type":"ListItem","position":1,"name":"Startseite","item":"https:\/\/www.naturessenzen.com\/"},{"@type":"ListItem","position":2,"name":"Shop","item":"https:\/\/www.naturessenzen.com\/heilpflanzen-heilkraeuter-online-tinktur-kaufen\/"},{"@type":"ListItem","position":3,"name":"Bewegungsfreude Tinktur"}]},{"@type":"WebSite","@id":"https:\/\/www.naturessenzen.com\/#website","url":"https:\/\/www.naturessenzen.com\/","name":"Duschlbaur&#039;s Kr\u00e4uter Shop - Tinktur Kr\u00e4utertinktur kaufen! Qualit\u00e4t seit 1917!","description":"Wir haben einen gro\u00dfe Auswahl an Kr\u00e4utertinkturen in unserem Shop! Tinktur Kr\u00e4utertinktur kaufen!","potentialAction":[{"@type":"SearchAction","target":{"@type":"EntryPoint","urlTemplate":"https:\/\/www.naturessenzen.com\/?s={search_term_string}"},"query-input":"required name=search_term_string"}],"inLanguage":"de"}]}},"_links":{"self":[{"href":"https:\/\/www.naturessenzen.com\/wp-json\/wp\/v2\/product\/1904"}],"collection":[{"href":"https:\/\/www.naturessenzen.com\/wp-json\/wp\/v2\/product"}],"about":[{"href":"https:\/\/www.naturessenzen.com\/wp-json\/wp\/v2\/types\/product"}],"replies":[{"embeddable":true,"href":"https:\/\/www.naturessenzen.com\/wp-json\/wp\/v2\/comments?post=1904"}],"wp:featuredmedia":[{"embeddable":true,"href":"https:\/\/www.naturessenzen.com\/wp-json\/wp\/v2\/media\/1913"}],"wp:attachment":[{"href":"https:\/\/www.naturessenzen.com\/wp-json\/wp\/v2\/media?parent=1904"}],"wp:term":[{"taxonomy":"product_cat","embeddable":true,"href":"https:\/\/www.naturessenzen.com\/wp-json\/wp\/v2\/product_cat?post=1904"},{"taxonomy":"product_tag","embeddable":true,"href":"https:\/\/www.naturessenzen.com\/wp-json\/wp\/v2\/product_tag?post=1904"}],"curies":[{"name":"wp","href":"https:\/\/api.w.org\/{rel}","templated":true}]}}