{"id":1896,"date":"2021-01-27T07:59:23","date_gmt":"2021-01-27T06:59:23","guid":{"rendered":"https:\/\/www.naturessenzen.com\/?post_type=product&#038;p=1896"},"modified":"2023-09-26T12:42:42","modified_gmt":"2023-09-26T10:42:42","slug":"herz-herzfunktion-tinktur-essenz-kraeutertropfen","status":"publish","type":"product","link":"https:\/\/www.naturessenzen.com\/produkt\/herz-herzfunktion-tinktur-essenz-kraeutertropfen\/","title":{"rendered":"Herzensgut Tinktur"},"content":{"rendered":"<h2>Duschlbaur\u00b4s &#8222;Herzensgut&#8220; &#8211; Herz Herzfunktion &#8211; Tinktur Tropfen<\/h2>\n<p>Unsere Tinktur <em><strong>&#8222;Herzensgut&#8220;<\/strong><\/em> kann sich unterst\u00fctzend auf Ihr Herz und Ihre Herzfunktion auswirken. Die nat\u00fcrlichen Inhaltsstoffe der <em><strong>&#8222;Herzensgut&#8220;<\/strong><\/em> Tinktur Tropfen sind: Wasser, Alkohol, Schlehdorn, Melisse, Wei\u00dfdorn, Olivenblatt.<\/p>\n<p>F\u00fcr die Herstellung dieser sehr wertvollen Tropfen verwenden wir bei Schlehdorn und Wei\u00dfdorn die Pflanze mit Bl\u00fcte und Frucht. Bei Melisse nehmen wir die ganze Pflanze mit Bl\u00fcte. Beim Olivenblatt greifen wir zu Olivenbl\u00e4ttern und Fr\u00fcchte.<\/p>\n<p>Herzensgl\u00fcck. Herzschmerz. Aus vollem Herzen. Herzenslust. Freudigen Herzens. Herzenslast. Herzensfreund. Herzenswunsch. Herzensanliegen. Herzensgut. Was das Herz begehrt. Herzschlag. Herzlich. Herzlinie. Herzensmensch. Herzensbrecher. Hand aufs Herz. Herzensangelegenheit \u2026\u2026. In unserem Leben dreht sich alles um unser Herz. Das Herz ist viel mehr als der wichtigste Muskel unseres K\u00f6rpers. Es ist der Motor f\u00fcr ein gesundes, aktives Leben und unverzichtbar f\u00fcr die Romantik darin.<span class=\"Apple-converted-space\">\u00a0<\/span><\/p>\n<h4>So tickt unser Herz:<\/h4>\n<p>Das menschliche Herz ist ein faustgro\u00dfer Hohlmuskel und hat seinen Sitz fast in der Mitte der Brust. Ein Teil des Herzen ragt in die linke K\u00f6rperh\u00e4lfte. Deshalb greifen wir in Herzensdingen automatisch mit der Hand auf den Brustkorb. Bei einem Gewicht von bis zu 350 Gramm schl\u00e4gt das Herz eines gesunden Erwachsenen 50 bis 80 Mal in der Minute. Mehrere Studien haben ergeben, dass Frauenherzen schneller schlagen als M\u00e4nnerherzen. Bitte daraus keine emotionalen R\u00fcckschl\u00fcsse ziehen! W\u00e4hrend der n\u00e4chtlichen Ruhephase sinkt die Herzfrequenz auf 45 Schl\u00e4ge pro Minute. Unter Belastung k\u00f6nnen sich diese bis auf 220 Schl\u00e4ge pro Minute erh\u00f6hen. Im Laufe eines durchschnittlichen Lebens schl\u00e4gt das Herz um die drei Milliarden Male und pumpt 250 Millionen Liter Blut durch den K\u00f6rper. Ein Wunder! Wie kann man sich da nicht dem Herzen verbunden f\u00fchlen.<\/p>\n<p>Vieles im Leben setzt unserem Herzen zu: Lebenswandel, Umweltbelastungen, falsche Ern\u00e4hrung, Stress oder einfach das Voranschreiten des Alters. Sch\u00fctzen Sie es, sch\u00fctzen Sie sich und greifen Sie mit Herzenslust in Ihr Herz-Kreislaufsystem unterst\u00fctzend ein.<\/p>\n<p>Unsere Duschlbaur\u00b4s Komplextinktur <b><i>\u201eHerzensgut<\/i><\/b> herzt mit Wei\u00dfdorn, Melisse, Schlehdorn und Olivenblatt in einer hingebungsvollen Umarmung Ihr Herz. Da wird Ihnen sofort warm ums Herz!<\/p>\n","protected":false},"excerpt":{"rendered":"<ul>\n<li>Anwendungsgebiete: Herz, Herzfunktion, Blutdruck<\/li>\n<li>Reinsubstanz \u2013 nur Wirkstoffe der Kr\u00e4uter enthalten<\/li>\n<li>Arzneimittelqualit\u00e4t der Kr\u00e4uter<\/li>\n<li>Gute Alternative zu Kapseln oder Tee<\/li>\n<li>Ausreichend f\u00fcr 50 Tage Kr\u00e4uterkur<\/li>\n<li>H\u00f6chste Qualit\u00e4tsstandards und Hygienerichtlinien<\/li>\n<li>Frei von k\u00fcnstlichen Zus\u00e4tzen und Farbstoffen<\/li>\n<li>Hergestellt nach traditionellen alchemistischen Grunds\u00e4tzen &#8211; nach Ansicht von Paracelsus<\/li>\n<\/ul>\n<p>Alchemische<strong> nat\u00fcrliche Tropfen, 50 ml<\/strong> Glasflasche<strong><br \/>\n<\/strong><\/p>\n","protected":false},"featured_media":7628,"comment_status":"closed","ping_status":"closed","template":"","meta":{"inline_featured_image":false},"product_cat":[25],"product_tag":[],"acf":[],"yoast_head":"<!-- This site is optimized with the Yoast SEO plugin v20.11 - https:\/\/yoast.com\/wordpress\/plugins\/seo\/ -->\n<title>Herz Herzfunktion Tinktur Essenz kaufen - Tropfen<\/title>\n<meta name=\"description\" content=\"Herz Herzfunktion Tinktur kaufen \u2713 rein pflanzliche Essenz \u2713 Jetzt auf Rechnung bestellen \u2713 versandkostenfrei \u2713 Tropfen aus K\u00e4rnten\" \/>\n<meta name=\"robots\" content=\"index, follow, max-snippet:-1, max-image-preview:large, max-video-preview:-1\" \/>\n<link rel=\"canonical\" href=\"https:\/\/www.naturessenzen.com\/produkt\/herz-herzfunktion-tinktur-essenz-kraeutertropfen\/\" \/>\n<meta property=\"og:locale\" content=\"de_DE\" \/>\n<meta property=\"og:type\" content=\"article\" \/>\n<meta property=\"og:title\" content=\"Herz Herzfunktion Tinktur Essenz kaufen - Tropfen\" \/>\n<meta property=\"og:description\" content=\"Herz Herzfunktion Tinktur kaufen \u2713 rein pflanzliche Essenz \u2713 Jetzt auf Rechnung bestellen \u2713 versandkostenfrei \u2713 Tropfen aus K\u00e4rnten\" \/>\n<meta property=\"og:url\" content=\"https:\/\/www.naturessenzen.com\/produkt\/herz-herzfunktion-tinktur-essenz-kraeutertropfen\/\" \/>\n<meta property=\"og:site_name\" content=\"Duschlbaur&#039;s Kr\u00e4uter Shop - Tinktur Kr\u00e4utertinktur kaufen! Qualit\u00e4t seit 1917!\" \/>\n<meta property=\"article:modified_time\" content=\"2023-09-26T10:42:42+00:00\" \/>\n<meta property=\"og:image\" content=\"https:\/\/www.naturessenzen.com\/wp-content\/uploads\/2021\/01\/herzensgut_neu_2023-1.jpg\" \/>\n\t<meta property=\"og:image:width\" content=\"1000\" \/>\n\t<meta property=\"og:image:height\" content=\"1000\" \/>\n\t<meta property=\"og:image:type\" content=\"image\/jpeg\" \/>\n<meta name=\"twitter:card\" content=\"summary_large_image\" \/>\n<meta name=\"twitter:label1\" content=\"Gesch\u00e4tzte Lesezeit\" \/>\n\t<meta name=\"twitter:data1\" content=\"2\u00a0Minuten\" \/>\n<script type=\"application\/ld+json\" class=\"yoast-schema-graph\">{\"@context\":\"https:\/\/schema.org\",\"@graph\":[{\"@type\":\"WebPage\",\"@id\":\"https:\/\/www.naturessenzen.com\/produkt\/herz-herzfunktion-tinktur-essenz-kraeutertropfen\/\",\"url\":\"https:\/\/www.naturessenzen.com\/produkt\/herz-herzfunktion-tinktur-essenz-kraeutertropfen\/\",\"name\":\"Herz Herzfunktion Tinktur Essenz kaufen - Tropfen\",\"isPartOf\":{\"@id\":\"https:\/\/www.naturessenzen.com\/#website\"},\"datePublished\":\"2021-01-27T06:59:23+00:00\",\"dateModified\":\"2023-09-26T10:42:42+00:00\",\"description\":\"Herz Herzfunktion Tinktur kaufen \u2713 rein pflanzliche Essenz \u2713 Jetzt auf Rechnung bestellen \u2713 versandkostenfrei \u2713 Tropfen aus K\u00e4rnten\",\"breadcrumb\":{\"@id\":\"https:\/\/www.naturessenzen.com\/produkt\/herz-herzfunktion-tinktur-essenz-kraeutertropfen\/#breadcrumb\"},\"inLanguage\":\"de\",\"potentialAction\":[{\"@type\":\"ReadAction\",\"target\":[\"https:\/\/www.naturessenzen.com\/produkt\/herz-herzfunktion-tinktur-essenz-kraeutertropfen\/\"]}]},{\"@type\":\"BreadcrumbList\",\"@id\":\"https:\/\/www.naturessenzen.com\/produkt\/herz-herzfunktion-tinktur-essenz-kraeutertropfen\/#breadcrumb\",\"itemListElement\":[{\"@type\":\"ListItem\",\"position\":1,\"name\":\"Startseite\",\"item\":\"https:\/\/www.naturessenzen.com\/\"},{\"@type\":\"ListItem\",\"position\":2,\"name\":\"Shop\",\"item\":\"https:\/\/www.naturessenzen.com\/heilpflanzen-heilkraeuter-online-tinktur-kaufen\/\"},{\"@type\":\"ListItem\",\"position\":3,\"name\":\"Herzensgut Tinktur\"}]},{\"@type\":\"WebSite\",\"@id\":\"https:\/\/www.naturessenzen.com\/#website\",\"url\":\"https:\/\/www.naturessenzen.com\/\",\"name\":\"Duschlbaur&#039;s Kr\u00e4uter Shop - Tinktur Kr\u00e4utertinktur kaufen! Qualit\u00e4t seit 1917!\",\"description\":\"Wir haben einen gro\u00dfe Auswahl an Kr\u00e4utertinkturen in unserem Shop! Tinktur Kr\u00e4utertinktur kaufen!\",\"potentialAction\":[{\"@type\":\"SearchAction\",\"target\":{\"@type\":\"EntryPoint\",\"urlTemplate\":\"https:\/\/www.naturessenzen.com\/?s={search_term_string}\"},\"query-input\":\"required name=search_term_string\"}],\"inLanguage\":\"de\"}]}<\/script>\n<!-- \/ Yoast SEO plugin. -->","yoast_head_json":{"title":"Herz Herzfunktion Tinktur Essenz kaufen - Tropfen","description":"Herz Herzfunktion Tinktur kaufen \u2713 rein pflanzliche Essenz \u2713 Jetzt auf Rechnung bestellen \u2713 versandkostenfrei \u2713 Tropfen aus K\u00e4rnten","robots":{"index":"index","follow":"follow","max-snippet":"max-snippet:-1","max-image-preview":"max-image-preview:large","max-video-preview":"max-video-preview:-1"},"canonical":"https:\/\/www.naturessenzen.com\/produkt\/herz-herzfunktion-tinktur-essenz-kraeutertropfen\/","og_locale":"de_DE","og_type":"article","og_title":"Herz Herzfunktion Tinktur Essenz kaufen - Tropfen","og_description":"Herz Herzfunktion Tinktur kaufen \u2713 rein pflanzliche Essenz \u2713 Jetzt auf Rechnung bestellen \u2713 versandkostenfrei \u2713 Tropfen aus K\u00e4rnten","og_url":"https:\/\/www.naturessenzen.com\/produkt\/herz-herzfunktion-tinktur-essenz-kraeutertropfen\/","og_site_name":"Duschlbaur&#039;s Kr\u00e4uter Shop - Tinktur Kr\u00e4utertinktur kaufen! Qualit\u00e4t seit 1917!","article_modified_time":"2023-09-26T10:42:42+00:00","og_image":[{"width":1000,"height":1000,"url":"https:\/\/www.naturessenzen.com\/wp-content\/uploads\/2021\/01\/herzensgut_neu_2023-1.jpg","type":"image\/jpeg"}],"twitter_card":"summary_large_image","twitter_misc":{"Gesch\u00e4tzte Lesezeit":"2\u00a0Minuten"},"schema":{"@context":"https:\/\/schema.org","@graph":[{"@type":"WebPage","@id":"https:\/\/www.naturessenzen.com\/produkt\/herz-herzfunktion-tinktur-essenz-kraeutertropfen\/","url":"https:\/\/www.naturessenzen.com\/produkt\/herz-herzfunktion-tinktur-essenz-kraeutertropfen\/","name":"Herz Herzfunktion Tinktur Essenz kaufen - Tropfen","isPartOf":{"@id":"https:\/\/www.naturessenzen.com\/#website"},"datePublished":"2021-01-27T06:59:23+00:00","dateModified":"2023-09-26T10:42:42+00:00","description":"Herz Herzfunktion Tinktur kaufen \u2713 rein pflanzliche Essenz \u2713 Jetzt auf Rechnung bestellen \u2713 versandkostenfrei \u2713 Tropfen aus K\u00e4rnten","breadcrumb":{"@id":"https:\/\/www.naturessenzen.com\/produkt\/herz-herzfunktion-tinktur-essenz-kraeutertropfen\/#breadcrumb"},"inLanguage":"de","potentialAction":[{"@type":"ReadAction","target":["https:\/\/www.naturessenzen.com\/produkt\/herz-herzfunktion-tinktur-essenz-kraeutertropfen\/"]}]},{"@type":"BreadcrumbList","@id":"https:\/\/www.naturessenzen.com\/produkt\/herz-herzfunktion-tinktur-essenz-kraeutertropfen\/#breadcrumb","itemListElement":[{"@type":"ListItem","position":1,"name":"Startseite","item":"https:\/\/www.naturessenzen.com\/"},{"@type":"ListItem","position":2,"name":"Shop","item":"https:\/\/www.naturessenzen.com\/heilpflanzen-heilkraeuter-online-tinktur-kaufen\/"},{"@type":"ListItem","position":3,"name":"Herzensgut Tinktur"}]},{"@type":"WebSite","@id":"https:\/\/www.naturessenzen.com\/#website","url":"https:\/\/www.naturessenzen.com\/","name":"Duschlbaur&#039;s Kr\u00e4uter Shop - Tinktur Kr\u00e4utertinktur kaufen! Qualit\u00e4t seit 1917!","description":"Wir haben einen gro\u00dfe Auswahl an Kr\u00e4utertinkturen in unserem Shop! Tinktur Kr\u00e4utertinktur kaufen!","potentialAction":[{"@type":"SearchAction","target":{"@type":"EntryPoint","urlTemplate":"https:\/\/www.naturessenzen.com\/?s={search_term_string}"},"query-input":"required name=search_term_string"}],"inLanguage":"de"}]}},"_links":{"self":[{"href":"https:\/\/www.naturessenzen.com\/wp-json\/wp\/v2\/product\/1896"}],"collection":[{"href":"https:\/\/www.naturessenzen.com\/wp-json\/wp\/v2\/product"}],"about":[{"href":"https:\/\/www.naturessenzen.com\/wp-json\/wp\/v2\/types\/product"}],"replies":[{"embeddable":true,"href":"https:\/\/www.naturessenzen.com\/wp-json\/wp\/v2\/comments?post=1896"}],"wp:featuredmedia":[{"embeddable":true,"href":"https:\/\/www.naturessenzen.com\/wp-json\/wp\/v2\/media\/7628"}],"wp:attachment":[{"href":"https:\/\/www.naturessenzen.com\/wp-json\/wp\/v2\/media?parent=1896"}],"wp:term":[{"taxonomy":"product_cat","embeddable":true,"href":"https:\/\/www.naturessenzen.com\/wp-json\/wp\/v2\/product_cat?post=1896"},{"taxonomy":"product_tag","embeddable":true,"href":"https:\/\/www.naturessenzen.com\/wp-json\/wp\/v2\/product_tag?post=1896"}],"curies":[{"name":"wp","href":"https:\/\/api.w.org\/{rel}","templated":true}]}}